{"id":505,"date":"2023-10-21T07:09:16","date_gmt":"2023-10-21T05:09:16","guid":{"rendered":"https:\/\/imprentacalero.com\/?post_type=product&#038;p=505"},"modified":"2024-07-17T19:59:04","modified_gmt":"2024-07-17T17:59:04","slug":"tarjetas-personales-en-hot-stamping-pan-de-oro","status":"publish","type":"product","link":"https:\/\/imprentacalero.com\/index.php\/producto\/tarjetas-personales-en-hot-stamping-pan-de-oro\/","title":{"rendered":"Tarjetas personales en Hot Stamping &#8211; Pan de Oro"},"content":{"rendered":"<p>Impresi\u00f3n de tarjetas personales con pan de oro en cartulinas finas impresi\u00f3n alta calidad con gran detalle. Imprimimos en couche y otros papeles. Se imprimen ambas caras, tenemos cartulinas ecol\u00f3gicas, kimberly, fedrigoni, favini, couche plastificado mate, cartulina hilo y opalina. Tenemos dise\u00f1os de tarjetas personales.<\/p>\n<p>Dale ese sello de elegante a tus presentaciones.. Precio por millar<\/p>\n","protected":false},"excerpt":{"rendered":"<p>Impresi\u00f3n de tarjetas personales con pan de oro en cartulinas finas impresi\u00f3n alta calidad con gran detalle. Imprimimos en couche y otros papeles. Se imprimen ambas caras, tenemos cartulinas ecol\u00f3gicas, kimberly, fedrigoni, favini, couche plastificado mate, cartulina hilo y opalina. Tenemos dise\u00f1os de tarjetas personales. Dale ese sello de elegante a tus presentaciones.. Precio por [&hellip;]<\/p>\n","protected":false},"featured_media":506,"comment_status":"open","ping_status":"closed","template":"","meta":[],"product_cat":[66,68],"product_tag":[],"class_list":{"0":"post-505","1":"product","2":"type-product","3":"status-publish","4":"has-post-thumbnail","6":"product_cat-productos","7":"product_cat-tarjetas-personales","9":"first","10":"instock","11":"shipping-taxable","12":"purchasable","13":"product-type-simple"},"_links":{"self":[{"href":"https:\/\/imprentacalero.com\/index.php\/wp-json\/wp\/v2\/product\/505"}],"collection":[{"href":"https:\/\/imprentacalero.com\/index.php\/wp-json\/wp\/v2\/product"}],"about":[{"href":"https:\/\/imprentacalero.com\/index.php\/wp-json\/wp\/v2\/types\/product"}],"replies":[{"embeddable":true,"href":"https:\/\/imprentacalero.com\/index.php\/wp-json\/wp\/v2\/comments?post=505"}],"wp:featuredmedia":[{"embeddable":true,"href":"https:\/\/imprentacalero.com\/index.php\/wp-json\/wp\/v2\/media\/506"}],"wp:attachment":[{"href":"https:\/\/imprentacalero.com\/index.php\/wp-json\/wp\/v2\/media?parent=505"}],"wp:term":[{"taxonomy":"product_cat","embeddable":true,"href":"https:\/\/imprentacalero.com\/index.php\/wp-json\/wp\/v2\/product_cat?post=505"},{"taxonomy":"product_tag","embeddable":true,"href":"https:\/\/imprentacalero.com\/index.php\/wp-json\/wp\/v2\/product_tag?post=505"}],"curies":[{"name":"wp","href":"https:\/\/api.w.org\/{rel}","templated":true}]}}