{"id":218,"date":"2023-10-09T19:53:08","date_gmt":"2023-10-09T17:53:08","guid":{"rendered":"https:\/\/imprentacalero.com\/?post_type=product&#038;p=218"},"modified":"2024-07-17T19:56:55","modified_gmt":"2024-07-17T17:56:55","slug":"folders-corporativos-personalizados","status":"publish","type":"product","link":"https:\/\/imprentacalero.com\/index.php\/producto\/folders-corporativos-personalizados\/","title":{"rendered":"Folders corporativos personalizados"},"content":{"rendered":"<p>Impresi\u00f3n de f\u00f3lders corporativos personalizados para tu empresas. La presentaci\u00f3n ideal para tus documentos. F\u00f3lders con bolsillo e impresi\u00f3n de alta calidad\u00a0como Couche,\u00a0Foldcote\u00a0y\u00a0cartulinas finas, para garantizar resultados excepcionales.<\/p>\n<p>Contamos con una amplia variedad de dise\u00f1os, modelos y tama\u00f1os de\u00a0folders para adaptarnos a las necesidades espec\u00edficas de su negocio.<\/p>\n<p>Adem\u00e1s de la impresi\u00f3n a todo color, tambi\u00e9n ofrecemos diferentes acabados, como\u00a0plastificado mate,\u00a0brillante,\u00a0barniz UV con reserva\u00a0y detalles de\u00a0relieve, para agregar un toque de elegancia y atractivo a sus\u00a0folders publicitarios.<\/p>\n","protected":false},"excerpt":{"rendered":"<p>Impresi\u00f3n de f\u00f3lders corporativos personalizados para tu empresas. La presentaci\u00f3n ideal para tus documentos. F\u00f3lders con bolsillo e impresi\u00f3n de alta calidad\u00a0como Couche,\u00a0Foldcote\u00a0y\u00a0cartulinas finas, para garantizar resultados excepcionales. Contamos con una amplia variedad de dise\u00f1os, modelos y tama\u00f1os de\u00a0folders para adaptarnos a las necesidades espec\u00edficas de su negocio. Adem\u00e1s de la impresi\u00f3n a todo color, [&hellip;]<\/p>\n","protected":false},"featured_media":381,"comment_status":"open","ping_status":"closed","template":"","meta":[],"product_cat":[66,67],"product_tag":[],"class_list":{"0":"post-218","1":"product","2":"type-product","3":"status-publish","4":"has-post-thumbnail","6":"product_cat-productos","7":"product_cat-servicio-de-imprenta","9":"first","10":"instock","11":"shipping-taxable","12":"purchasable","13":"product-type-simple"},"_links":{"self":[{"href":"https:\/\/imprentacalero.com\/index.php\/wp-json\/wp\/v2\/product\/218"}],"collection":[{"href":"https:\/\/imprentacalero.com\/index.php\/wp-json\/wp\/v2\/product"}],"about":[{"href":"https:\/\/imprentacalero.com\/index.php\/wp-json\/wp\/v2\/types\/product"}],"replies":[{"embeddable":true,"href":"https:\/\/imprentacalero.com\/index.php\/wp-json\/wp\/v2\/comments?post=218"}],"wp:featuredmedia":[{"embeddable":true,"href":"https:\/\/imprentacalero.com\/index.php\/wp-json\/wp\/v2\/media\/381"}],"wp:attachment":[{"href":"https:\/\/imprentacalero.com\/index.php\/wp-json\/wp\/v2\/media?parent=218"}],"wp:term":[{"taxonomy":"product_cat","embeddable":true,"href":"https:\/\/imprentacalero.com\/index.php\/wp-json\/wp\/v2\/product_cat?post=218"},{"taxonomy":"product_tag","embeddable":true,"href":"https:\/\/imprentacalero.com\/index.php\/wp-json\/wp\/v2\/product_tag?post=218"}],"curies":[{"name":"wp","href":"https:\/\/api.w.org\/{rel}","templated":true}]}}