{"id":205,"date":"2023-10-09T18:33:24","date_gmt":"2023-10-09T16:33:24","guid":{"rendered":"https:\/\/imprentacalero.com\/?post_type=product&#038;p=205"},"modified":"2024-07-17T19:56:55","modified_gmt":"2024-07-17T17:56:55","slug":"flyers","status":"publish","type":"product","link":"https:\/\/imprentacalero.com\/index.php\/producto\/flyers\/","title":{"rendered":"Volantes"},"content":{"rendered":"<p>Ofrecemos servicios de impresi\u00f3n de volantes publicitarios de alta calidad para promocionar tu negocio, eventos o campa\u00f1as. Nuestros volantes est\u00e1n dise\u00f1ados para captar la atenci\u00f3n de tu audiencia y transmitir tu mensaje de manera efectiva.<\/p>\n<p>Contamos con una amplia variedad de opciones de impresi\u00f3n, desde volantes a todo color hasta volantes en blanco y negro, para adaptarnos a tus necesidades espec\u00edficas. Adem\u00e1s, ofrecemos opciones de acabado como laminado, barnizado UV y troquelado para darle un toque especial a tus volantes.<\/p>\n","protected":false},"excerpt":{"rendered":"<p>Ofrecemos servicios de impresi\u00f3n de volantes publicitarios de alta calidad para promocionar tu negocio, eventos o campa\u00f1as. Nuestros volantes est\u00e1n dise\u00f1ados para captar la atenci\u00f3n de tu audiencia y transmitir tu mensaje de manera efectiva. Contamos con una amplia variedad de opciones de impresi\u00f3n, desde volantes a todo color hasta volantes en blanco y negro, [&hellip;]<\/p>\n","protected":false},"featured_media":376,"comment_status":"open","ping_status":"closed","template":"","meta":[],"product_cat":[66,67],"product_tag":[],"class_list":{"0":"post-205","1":"product","2":"type-product","3":"status-publish","4":"has-post-thumbnail","6":"product_cat-productos","7":"product_cat-servicio-de-imprenta","9":"first","10":"instock","11":"shipping-taxable","12":"purchasable","13":"product-type-simple"},"_links":{"self":[{"href":"https:\/\/imprentacalero.com\/index.php\/wp-json\/wp\/v2\/product\/205"}],"collection":[{"href":"https:\/\/imprentacalero.com\/index.php\/wp-json\/wp\/v2\/product"}],"about":[{"href":"https:\/\/imprentacalero.com\/index.php\/wp-json\/wp\/v2\/types\/product"}],"replies":[{"embeddable":true,"href":"https:\/\/imprentacalero.com\/index.php\/wp-json\/wp\/v2\/comments?post=205"}],"wp:featuredmedia":[{"embeddable":true,"href":"https:\/\/imprentacalero.com\/index.php\/wp-json\/wp\/v2\/media\/376"}],"wp:attachment":[{"href":"https:\/\/imprentacalero.com\/index.php\/wp-json\/wp\/v2\/media?parent=205"}],"wp:term":[{"taxonomy":"product_cat","embeddable":true,"href":"https:\/\/imprentacalero.com\/index.php\/wp-json\/wp\/v2\/product_cat?post=205"},{"taxonomy":"product_tag","embeddable":true,"href":"https:\/\/imprentacalero.com\/index.php\/wp-json\/wp\/v2\/product_tag?post=205"}],"curies":[{"name":"wp","href":"https:\/\/api.w.org\/{rel}","templated":true}]}}