{"id":173,"date":"2023-10-08T03:27:48","date_gmt":"2023-10-08T01:27:48","guid":{"rendered":"https:\/\/imprentacalero.com\/?post_type=product&#038;p=173"},"modified":"2024-07-17T19:56:55","modified_gmt":"2024-07-17T17:56:55","slug":"afiches","status":"publish","type":"product","link":"https:\/\/imprentacalero.com\/index.php\/producto\/afiches\/","title":{"rendered":"Afiches full color"},"content":{"rendered":"<p style=\"text-align: left;\">Impresi\u00f3n de afiches para empresas, eventos y particulares, impresos a full color alta resoluci\u00f3n en papel trisol\u00a0 (tipo couche), papel fotogr\u00e1fico mate y satinado, acabados\u00a0 laminado mate y glossy.<\/p>\n<p style=\"text-align: left;\">Diferentes tama\u00f1os, colores, y los dise\u00f1os m\u00e1s innovadores para que tu afiche publicitario sea perfecto. Ofrecemos impresi\u00f3n personalizada para cualquier tipo de afiche, p\u00f3ster o carteles publicitarios de cualquier formato, tanto est\u00e1ndar como individual. Puedes elegir el tama\u00f1o.<\/p>\n<p style=\"text-align: left;\">Ampl\u00eda tu red y promociona tu marca con afiches personalizados.<\/p>\n","protected":false},"excerpt":{"rendered":"<p>Impresi\u00f3n de afiches para empresas, eventos y particulares, impresos a full color alta resoluci\u00f3n en papel trisol\u00a0 (tipo couche), papel fotogr\u00e1fico mate y satinado, acabados\u00a0 laminado mate y glossy. Diferentes tama\u00f1os, colores, y los dise\u00f1os m\u00e1s innovadores para que tu afiche publicitario sea perfecto. Ofrecemos impresi\u00f3n personalizada para cualquier tipo de afiche, p\u00f3ster o carteles [&hellip;]<\/p>\n","protected":false},"featured_media":174,"comment_status":"open","ping_status":"closed","template":"","meta":[],"product_cat":[66,67],"product_tag":[],"class_list":{"0":"post-173","1":"product","2":"type-product","3":"status-publish","4":"has-post-thumbnail","6":"product_cat-productos","7":"product_cat-servicio-de-imprenta","9":"first","10":"instock","11":"shipping-taxable","12":"purchasable","13":"product-type-simple"},"_links":{"self":[{"href":"https:\/\/imprentacalero.com\/index.php\/wp-json\/wp\/v2\/product\/173"}],"collection":[{"href":"https:\/\/imprentacalero.com\/index.php\/wp-json\/wp\/v2\/product"}],"about":[{"href":"https:\/\/imprentacalero.com\/index.php\/wp-json\/wp\/v2\/types\/product"}],"replies":[{"embeddable":true,"href":"https:\/\/imprentacalero.com\/index.php\/wp-json\/wp\/v2\/comments?post=173"}],"wp:featuredmedia":[{"embeddable":true,"href":"https:\/\/imprentacalero.com\/index.php\/wp-json\/wp\/v2\/media\/174"}],"wp:attachment":[{"href":"https:\/\/imprentacalero.com\/index.php\/wp-json\/wp\/v2\/media?parent=173"}],"wp:term":[{"taxonomy":"product_cat","embeddable":true,"href":"https:\/\/imprentacalero.com\/index.php\/wp-json\/wp\/v2\/product_cat?post=173"},{"taxonomy":"product_tag","embeddable":true,"href":"https:\/\/imprentacalero.com\/index.php\/wp-json\/wp\/v2\/product_tag?post=173"}],"curies":[{"name":"wp","href":"https:\/\/api.w.org\/{rel}","templated":true}]}}